a
-70 (base 12) to base 11
-77
What is -134 (base 6) in base 15?
-3d
Convert 3 (base 8) to base 15.
3
Convert 60 (base 8) to base 15.
33
Convert -1b (base 12) to base 3.
-212
-45 (base 8) to base 2
-100101
44 (base 8) to base 6
100
20020 (base 3) to base 8
250
What is 1110100 (base 2) in base 7?
224
What is -12 (base 8) in base 6?
-14
Convert 11 (base 2) to base 4.
3
What is -1c (base 14) in base 5?
-101
What is 22 (base 3) in base 14?
8
Convert 8 (base 10) to base 15.
8
-125 (base 6) to base 7
-104
What is -233 (base 6) in base 4?
-1131
What is -3 (base 13) in base 16?
-3
Convert 100010 (base 2) to base 10.
34
3 (base 15) to base 2
11
-11011010 (base 2) to base 15
-e8
What is -7 (base 13) in base 16?
-7
What is -1110111 (base 2) in base 12?
-9b
What is -111 (base 5) in base 7?
-43
What is 3 (base 8) in base 10?
3
Convert 5 (base 12) to base 10.
5
Convert 1 (base 7) to base 6.
1
Convert 21 (base 5) to base 7.
14
73 (base 9) to base 16
42
44 (base 16) to base 3
2112
-13 (base 15) to base 3
-200
Convert 6 (base 9) to base 13.
6
Convert c (base 15) to base 6.
20
What is 332 (base 4) in base 14?
46
What is 11101010 (base 2) in base 10?
234
-5 (base 15) to base 6
-5
-2 (base 10) to base 8
-2
Convert 20 (base 4) to base 3.
22
10 (base 13) to base 7
16
What is 21 (base 4) in base 10?
9
What is -4 (base 5) in base 13?
-4
What is -35 (base 16) in base 7?
-104
What is -5 (base 14) in base 16?
-5
What is 10 (base 2) in base 16?
2
Convert -101101 (base 2) to base 11.
-41
Convert 0 (base 8) to base 13.
0
-5 (base 11) to base 4
-11
3 (base 6) to base 10
3
-19 (base 11) to base 13
-17
Convert 65 (base 8) to base 7.
104
Convert -4 (base 15) to base 6.
-4
-13 (base 16) to base 3
-201
What is -232 (base 5) in base 15?
-47
Convert -2d (base 14) to base 9.
-45
What is -5 (base 13) in base 16?
-5
-83 (base 13) to base 14
-79
Convert 129 (base 10) to base 13.
9c
What is c8 (base 16) in base 4?
3020
What is -c (base 16) in base 2?
-1100
What is -14 (base 13) in base 2?
-10001
Convert -2 (base 8) to base 13.
-2
296 (base 11) to base 2
101011011
Convert -1 (base 14) to base 8.
-1
What is 10 (base 2) in base 11?
2
Convert -4 (base 8) to base 10.
-4
What is -3 (base 7) in base 16?
-3
Convert 242 (base 8) to base 9.
200
What is 11000110 (base 2) in base 14?
102
3303 (base 4) to base 14
135
18 (base 10) to base 7
24
What is 1 (base 11) in base 5?
1
What is -2 (base 7) in base 11?
-2
15 (base 13) to base 8
22
2a (base 11) to base 6
52
What is 24 (base 14) in base 15?
22
Convert -32 (base 6) to base 16.
-14
Convert 1 (base 7) to base 15.
1
Convert -1 (base 10) to base 12.
-1
What is -117 (base 8) in base 15?
-54
84 (base 15) to base 13
97
What is 141 (base 10) in base 5?
1031
-23 (base 5) to base 9
-14
-1001 (base 2) to base 5
-14
What is 112 (base 8) in base 11?
68
What is 10 (base 10) in base 7?
13
What is 141 (base 8) in base 6?
241
Convert -1110 (base 2) to base 3.
-112
What is 8 (base 12) in base 16?
8
What is 13 (base 5) in base 10?
8
Convert -81 (base 11) to base 5.
-324
What is -2 (base 4) in base 12?
-2
10 (base 5) to base 7
5
5 (base 12) to base 13
5
Convert -25 (base 6) to base 5.
-32
-1111 (base 2) to base 15
-10
4 (base 5) to base 13
4
70 (base 13) to base 3
10101
Convert -2 (base 5) to base 9.
-2
Convert -7 (base 13) to base 11.
-7
Convert 232 (base 6) to base 11.
84
Convert 1 (base 8) to base 3.
1
What is 42 (base 5) in base 14?
18
What is -8 (base 15) in base 4?
-20
Convert 2 (base 11) to base 13.
2
Convert 27 (base 10) to base 6.
43
5 (base 13) to base 2
101
1a (base 11) to base 10
21
-211 (base 5) to base 14
-40
Convert -111 (base 15) to base 6.
-1041
-18 (base 14) to base 9
-24
Convert 18 (base 14) to base 5.
42
Convert 1 (base 5) to base 6.
1
What is 11 (base 9) in base 5?
20
Convert -52 (base 15) to base 13.
-5c
Convert 6 (base 15) to base 13.
6
What is 1 (base 5) in base 12?
1
18 (base 12) to base 16
14
Convert 40 (base 6) to base 14.
1a
0 (base 13) to base 10
0
What is -66 (base 10) in base 13?
-51
What is 2 (base 9) in base 3?
2
What is -56 (base 13) in base 5?
-241
What is -1000 (base 2) in base 9?
-8
What is 3 (base 5) in base 13?
3
Convert 283 (base 9) to base 4.
3231
0 (base 16) to base 11
0
What is 2130 (base 4) in base 13?
c0
89 (base 16) to base 8
211
What is -41 (base 5) in base 3?
-210
-15 (base 9) to base 4
-32
What is -2 (base 11) in base 12?
-2
What is -2 (base 7) in base 12?
-2
Convert -154 (base 7) to base 3.
-10021
What is 11 (base 16) in base 14?
13
25 (base 10) to base 13
1c
-7 (base 15) to base 5
-12
Convert -26 (base 14) to base 9.
-37
What is -26 (base 16) in base 5?
-123
Convert -8e (base 15) to base 7.
-251
Convert -50 (base 10) to base 14.
-38
What is 6b (base 12) in base 11?
76
What is 101000 (base 2) in base 15?
2a
10021 (base 3) to base 2
1011000
What is -1001 (base 2) in base 9?
-10
-66 (base 13) to base 9
-103
-26 (base 9) to base 8
-30
What is -101101000 (base 2) in base 11?
-2a8
Convert 10 (base 9) to base 15.
9
-40 (base 10) to base 8
-50
31 (base 4) to base 6
21
2 (base 5) to base 16
2
-5f (base 16) to base 14
-6b
What is 0 (base 11) in base 6?
0
What is 302 (base 4) in base 16?
32
-100001 (base 2) to base 11
-30
What is -46 (base 16) in base 7?
-130
Convert 13 (base 10) to base 11.
12
What is -5 (base 13) in base 14?
-5
What is -66 (base 8) in base 16?
-36
-215 (base 6) to base 2
-1010011
6 (base 10) to base 13
6
510 (base 6) to base 3
20220
Convert 3 (base 6) to base 11.
3
-3 (base 6) to base 10
-3
Convert -10 (base 12) to base 14.
-c
Convert -221 (base 10) to base 9.
-265
What is 6 (base 15) in base 13?
6
What is -1 (base 16) in base 15?
-1
Convert -322 (base 6) to base 16.
-7a
-122 (base 4) to base 6
-42
What is -64 (base 11) in base 6?
-154
What is 0 (base 5) in base 13?
0
Convert 13 (base 10) to base 6.
21
Convert 7 (base 12) to base 15.
7
Convert 0 (base 3) to base 7.
0
112 (base 7) to base 14
42
Convert 0 (base 13) to base 6.
0
22 (base 6) to base 10
14
1 (base 4) to base 9
1
-7 (base 10) to base 9
-7
Convert -1 (base 13) to base 6.
-1
-3 (base 4) to base 3
-10
Convert -149 (base 10) to base 15.
-9e
-10 (base 8) to base 14
-8
What is -450 (base 7) in base 3?
-22120
What is 2 (base 10) in base 13?
2
Convert -5 (base 7) to base 15.
-5
What is 100001 (base 2) in base 4?
201
What is -11113 (base 4) in base 5?
-2333
Convert 11111 (base 2) to base 3.
1011
Convert -2 (base 10) to base 16.
-2
What is -11000 (base 2) in base 6?
-40
Convert -1a3 (base 11) to base 8.
-352
4 (base 6) to base 12
4
Convert -11 (base 12) to base 6.
-21
2 (base 16) to base 14
2
2031 (base 4) to base 12
b9
121 (base 3) to base 11
15
What is -e (base 15) in base 11?
-13
6 (base 13) to base 3
20
What is 2 (base 7) in base 9?
2
Convert -21 (base 3) to base 6.
-11
Convert 1 (base 16) to base 2.
1
What is 11 (base 6) in base 14?
7
Convert 2 (base 15) to base 7.
2
What is -201 (base 14) in base 11?
-328
6 (base 9) to base 13
6
-2 (base 12) to base 6
-2
38 (base 16) to base 8
70
What is -1 (base 15) in base 10?
-1
What is 0 (base 16) in base 11?
0
What is 17 (base 9) in base 6?
24
What is -3 (base 13) in base 8?
-3
-99 (base 11) to base 3
-11000
What is 246 (base 9) in base 16?
cc
Convert -9 (base 14) to base 13.
-9
Convert -12 (base 5) to base 16.
-7
Convert -101 (base 2) to base 13.
-5
Convert 1300 (base 4) to base 9.
134
Convert -56 (base 11) to base 8.
-75
What is -13 (base 8) in base 14?
-b
2 (base 6) to base 12
2
-1 (base 14) to base 5
-1
What is 3 (base 13) in base 5?
3
What is -3 (base 4) in base 10?
-3
Convert -1 (base 10) to base 13.
-1
Convert -10 (base 5) to base 6.
-5
Convert 100011 (base 2) to base 3.
1022
Convert -7a (base 15) to base 4.
-1303
Convert 22 (base 11) to base 3.
220
What is 16 (base 13) in base 2?
10011
Convert 2 (base 13) to base 6.
2
-2 (base 3) to base 4
-2
Convert 46 (base 12) to base 13.
42
Convert 210 (base 3) to base 2.
10101
What is 2 (base 15) in base 7?
2
-27 (base 11) to base 14
-21
41 (base 6) to base 7
34
What is 43 (base 15) in base 7?
120
Convert d1 (base 15) to base 4.
3010
Convert 102 (base 3) to base 4.
23
What is -27 (base 15) in base 13?
-2b
What is 6 (base 16) in base 6?
10
Convert 43 (base 5) to base 6.
35
Convert -39 (base 11) to base 7.
-60
What is 3 (base 16) in base 14?
3
What is 1 (base 4) in